023 (base 4) to base 12
227b863
Convert 1022122132 (base 4) to base 3.
120111002211
Convert -13432300 (base 5) to base 6.
-2554432
What is -1037b9 (base 14) in base 5?
-120010331
Convert 100000001101111001110110 (base 2) to base 15.
b1c5c3
50618a (base 15) to base 2
1110100100000000001000
-130002321 (base 4) to base 10
-114873
What is 3440144410 (base 5) in base 3?
112120021010002
7826 (base 13) to base 4
10011323
Convert -5594419 (base 10) to base 5.
-2413010134
Convert -20213312 (base 4) to base 13.
-130ca
What is -637645 (base 8) in base 10?
-212901
-46776 (base 12) to base 10
-94410
Convert -1022032 (base 5) to base 6.
-211210
Convert -2133315 (base 7) to base 6.
-5330000
Convert -244a7 (base 14) to base 10.
-88739
What is -22212220222 (base 3) in base 12?
-85275
What is -23a1092 (base 11) in base 12?
-14936b1
What is 21001023200 (base 4) in base 2?
1001000001001011100000
What is -3745644 (base 8) in base 11?
-647816
What is 3512341 (base 8) in base 2?
11101001010011100001
-10010111110010111010101 (base 2) to base 6
-254335541
Convert -38b60 (base 16) to base 6.
-4551224
2020100012102 (base 3) to base 15
186d92
165282 (base 12) to base 6
12105442
What is -110010101100110011100 (base 2) in base 4?
-12111212130
Convert 3102728 (base 9) to base 15.
22a768
Convert -420216 (base 11) to base 14.
-137769
What is 13313132 (base 7) in base 13?
341072
What is 2363631 (base 7) in base 15?
5e4d0
What is 135681 (base 10) in base 8?
411001
Convert -1a9c98 (base 13) to base 16.
-a5bad
Convert 38639 (base 16) to base 4.
320120321
What is -221100011 (base 3) in base 14?
-6a36
What is 505314 (base 6) in base 9?
60871
What is -20c286 (base 15) in base 10?
-1559826
What is 20212120000101 (base 3) in base 5?
1413333200
What is -50aa7a2 (base 11) in base 4?
-202121301310
13072206 (base 8) to base 2
1011000111010010000110
What is -7b6dc (base 14) in base 16?
-495b2
Convert -2305526 (base 10) to base 13.
-629522
Convert -6c187 (base 13) to base 11.
-12584a
What is 6470 (base 10) in base 16?
1946
Convert 1356023 (base 8) to base 6.
12121511
Convert 11023020032 (base 4) to base 6.
45023102
Convert -211224132 (base 5) to base 7.
-10335316
What is -450055 (base 7) in base 9?
-130661
10010001000010010 (base 2) to base 11
50878
1260269 (base 10) to base 7
13466153
Convert 699874 (base 13) to base 2.
1001100011110100101011
-1101010010111010111 (base 2) to base 8
-1522727
2333203 (base 5) to base 9
64787
What is 753859 (base 11) in base 9?
2236671
Convert 8ed900 (base 15) to base 8.
32033122
b338 (base 15) to base 8
111735
-5270136 (base 8) to base 15
-1cb482
-271778 (base 11) to base 13
-11c39a
7452554 (base 9) to base 15
53c7ba
-9ac0dc (base 14) to base 6
-304405110
What is -125934 (base 13) in base 7?
-3514416
What is -10101011000111001 (base 2) in base 16?
-15639
Convert 65ba8 (base 16) to base 8.
1455650
Convert -e531 (base 16) to base 9.
-88432
Convert 1000101010000001101001 (base 2) to base 7.
25201001
Convert 2544515 (base 8) to base 14.
145885
Convert 1011100110111101 (base 2) to base 14.
13485
Convert 19438 (base 14) to base 6.
1212014
Convert 5cec75 (base 15) to base 16.
43f823
Convert 1bf2b (base 16) to base 11.
79009
-200200202202022 (base 3) to base 15
-d13c25
-38c0d (base 14) to base 5
-13431230
24587 (base 16) to base 14
3c379
11022553 (base 6) to base 11
205895
-292f5 (base 16) to base 7
-1301550
Convert 3a0a7 (base 15) to base 6.
3552034
Convert 3357547 (base 8) to base 12.
37a173
Convert 73975 (base 15) to base 14.
97883
-3023444 (base 6) to base 7
-1135006
Convert -111102212200 (base 3) to base 4.
-1000211121
82614b (base 12) to base 3
10211210001112
Convert -17c692 (base 16) to base 11.
-974741
Convert -15263145 (base 8) to base 3.
-20120210120121
What is -10110000302 (base 4) in base 9?
-2112732
Convert -132212303 (base 4) to base 7.
-1031330
What is -856124 (base 11) in base 9?
-2516840
What is -10210001210 (base 3) in base 15?
-170a6
12e2639 (base 15) to base 4
303332232213
b78399 (base 12) to base 8
13031445
-210220122000 (base 3) to base 14
-b3270
79582 (base 15) to base 11
244007
Convert 20002366 (base 7) to base 2.
110010010010101011111
Convert -436666 (base 9) to base 16.
-3fabf
-147152 (base 9) to base 12
-44478
What is a24ba (base 13) in base 16?
47011
What is 1034341034 (base 5) in base 16?
228403
Convert 23275311 (base 9) to base 10.
11328184
-21243863 (base 9) to base 2
-100111000101001000000101
What is -13404312 (base 8) in base 14?
-587654
Convert -46800 (base 11) to base 3.
-10102121200
-54420 (base 13) to base 10
-152295
Convert -21070a (base 11) to base 15.
-6a06a
Convert -33c7 (base 14) to base 13.
-412c
-305389 (base 10) to base 4
-1022203231
Convert -1010012202101 (base 3) to base 10.
-594685
Convert -1d120 (base 16) to base 5.
-12302242
What is -1352061 (base 7) in base 9?
-305013
-751084 (base 9) to base 6
-13325121
What is 10111011110111111000010 (base 2) in base 13?
137714b
Convert 2300031401 (base 5) to base 15.
6a53bb
Convert -36d027 (base 14) to base 6.
-104142111
Convert -705b55 (base 13) to base 10.
-2611965
201300551 (base 6) to base 3
20110020021211
9a3602 (base 11) to base 14
2d943c
What is -46b1711 (base 12) in base 16?
-d08dbd
-1010616 (base 7) to base 4
-131120211
43e25 (base 16) to base 11
17a9a6
235603 (base 9) to base 5
14020130
What is 1271204 (base 9) in base 13?
1b4c63
-10113652 (base 8) to base 13
-59a2c0
Convert -1602541 (base 7) to base 11.
-13a971
What is 25620352 (base 7) in base 3?
11101221110121
Convert 135713 (base 11) to base 14.
5761c
What is -64166517 (base 8) in base 4?
-310032311033
What is -10102033020 (base 4) in base 15?
-172c4c
What is 2353546 (base 8) in base 9?
1182648
111000101021000 (base 3) to base 6
404123300
52546 (base 13) to base 4
210022012
Convert 1220315324 (base 6) to base 7.
230122204
What is -1111000011000001000 (base 2) in base 5?
-111234224
What is 200111221222 (base 3) in base 4?
1120332320
What is -2241947 (base 13) in base 3?
-201210011210202
-1048257 (base 9) to base 13
-16978c
-21152437 (base 8) to base 16
-44d51f
375847 (base 9) to base 2
110111100001010010
Convert 84889 (base 11) to base 13.
442b4
-21431135 (base 7) to base 15
-2650de
What is 323432 (base 6) in base 9?
40602
Convert -425334 (base 6) to base 7.
-203524
Convert -45445233 (base 7) to base 2.
-1111000111000011111110
13021302021 (base 4) to base 12
765149
Convert -2b849 (base 14) to base 10.
-108649
Convert -3320424 (base 7) to base 12.
-178400
What is 10321222010 (base 5) in base 13?
23c31ab
111101 (base 2) to base 3
2021
Convert 78971 (base 11) to base 8.
337176
Convert 2041230210 (base 5) to base 4.
100023301323
c539c (base 16) to base 7
6603131
What is -14052235 (base 6) in base 10?
-473567
What is 1010000110001100101 (base 2) in base 14?
88805
312340242 (base 6) to base 12
19a4682
What is 1215434 (base 8) in base 10?
334620
-202891 (base 10) to base 3
-101022022111
Convert -390823 (base 12) to base 11.
-588a53
685487 (base 11) to base 14
20568c
Convert 2a9e82 (base 15) to base 12.
83341b
What is -288ca5 (base 15) in base 3?
-10200020211202
Convert -111a9 (base 15) to base 11.
-37950
What is 107009 (base 10) in base 9?
172708
Convert -411540 (base 8) to base 6.
-2525440
What is 120201201 (base 4) in base 6?
2053013
What is 115a49 (base 11) in base 15?
3960a
-110010010011100011 (base 2) to base 8
-622343
3212101032 (base 4) to base 7
11005542
What is 14986 (base 15) in base 9?
110820
-1134102 (base 5) to base 3
-1002000102
-1010001011001110101110 (base 2) to base 9
-5015030
-220613 (base 8) to base 6
-1331055
1879564 (base 10) to base 11
1074165
-2231323313 (base 4) to base 12
-2a435b
Convert -7485 (base 14) to base 15.
-5e59
42490b (base 14) to base 7
25022114
Convert 221200210102210 (base 3) to base 10.
13655946
-50412 (base 10) to base 8
-142354
Convert -31011101 (base 4) to base 2.
-1101000101010001
What is 330221313 (base 4) in base 14?
66779
Convert 4023063 (base 9) to base 12.
8730b6
What is 189680 (base 11) in base 10?
290972
What is -11011120101 (base 3) in base 2?
-10100000010001111
Convert 569a6 (base 11) to base 8.
240734
-5739b4 (base 15) to base 13
-b2a167
-c6de (base 16) to base 12
-25566
Convert -255141224 (base 6) to base 13.
-1063411
What is 3c4603 (base 13) in base 15?
1de761
1031